{"id":65,"date":"2021-03-10T16:29:13","date_gmt":"2021-03-10T16:29:13","guid":{"rendered":"https:\/\/alkc.eu\/?page_id=65"},"modified":"2021-03-29T13:58:02","modified_gmt":"2021-03-29T13:58:02","slug":"veiklumo-skatinimas","status":"publish","type":"page","link":"https:\/\/alkc.eu\/index.php\/veiklumo-skatinimas\/","title":{"rendered":"Veiklumo skatinimas"},"content":{"rendered":"\t\t<div data-elementor-type=\"wp-page\" data-elementor-id=\"65\" class=\"elementor elementor-65\" data-elementor-settings=\"[]\">\n\t\t\t\t\t\t<div class=\"elementor-inner\">\n\t\t\t\t\t\t\t<div class=\"elementor-section-wrap\">\n\t\t\t\t\t\t\t<section class=\"elementor-section elementor-top-section elementor-element elementor-element-e3fbf6c elementor-section-boxed elementor-section-height-default elementor-section-height-default elementor-invisible\" data-id=\"e3fbf6c\" data-element_type=\"section\" data-settings=\"{&quot;animation&quot;:&quot;fadeIn&quot;}\">\n\t\t\t\t\t\t<div class=\"elementor-container elementor-column-gap-default\">\n\t\t\t\t\t\t\t<div class=\"elementor-row\">\n\t\t\t\t\t<div class=\"elementor-column elementor-col-50 elementor-top-column elementor-element elementor-element-0f01e99\" data-id=\"0f01e99\" data-element_type=\"column\" data-settings=\"{&quot;background_background&quot;:&quot;classic&quot;}\">\n\t\t\t<div class=\"elementor-column-wrap elementor-element-populated\">\n\t\t\t\t\t\t\t<div class=\"elementor-widget-wrap\">\n\t\t\t\t\t\t<div class=\"elementor-element elementor-element-ff9411d elementor-widget elementor-widget-heading\" data-id=\"ff9411d\" data-element_type=\"widget\" data-widget_type=\"heading.default\">\n\t\t\t\t<div class=\"elementor-widget-container\">\n\t\t\t<h2 class=\"elementor-heading-title elementor-size-default\">Projektas Verslo pradmenys TAU \u2013 \u012eVEIK!<\/h2>\t\t<\/div>\n\t\t\t\t<\/div>\n\t\t\t\t\t\t<\/div>\n\t\t\t\t\t<\/div>\n\t\t<\/div>\n\t\t\t\t<div class=\"elementor-column elementor-col-50 elementor-top-column elementor-element elementor-element-1e88393\" data-id=\"1e88393\" data-element_type=\"column\" data-settings=\"{&quot;background_background&quot;:&quot;classic&quot;}\">\n\t\t\t<div class=\"elementor-column-wrap elementor-element-populated\">\n\t\t\t\t\t\t\t<div class=\"elementor-widget-wrap\">\n\t\t\t\t\t\t<div class=\"elementor-element elementor-element-e14063d elementor-hidden-tablet elementor-hidden-phone elementor-widget elementor-widget-spacer\" data-id=\"e14063d\" data-element_type=\"widget\" data-widget_type=\"spacer.default\">\n\t\t\t\t<div class=\"elementor-widget-container\">\n\t\t\t\t\t<div class=\"elementor-spacer\">\n\t\t\t<div class=\"elementor-spacer-inner\"><\/div>\n\t\t<\/div>\n\t\t\t\t<\/div>\n\t\t\t\t<\/div>\n\t\t\t\t<div class=\"elementor-element elementor-element-f056f3d elementor-widget elementor-widget-text-editor\" data-id=\"f056f3d\" data-element_type=\"widget\" data-widget_type=\"text-editor.default\">\n\t\t\t\t<div class=\"elementor-widget-container\">\n\t\t\t\t\t<div class=\"elementor-text-editor elementor-clearfix\"><div dir=\"auto\">Projekto &#8220;Mokym\u0173 ir konsultacij\u0173 \u012fgyvendinimas pradedantiems versl\u0105 darbingiems ekonomi\u0161kai neaktyviems asmenims: verslo pradmenys TAU \u2013 \u012eVEIK!&#8221; siekiama 22 ekonomi\u0161kai neaktyviems Panev\u0117\u017eio miesto gyventojams suteikti verslo pradmen\u0173 teorinius ir praktinius mokymus ir konsultacijas darbingiems ekonomi\u0161kai neaktyviems pradedantiems versl\u0105 Panev\u0117\u017eio miesto gyventojams, motyvuojant ir nukreipiant juos \u012f nuosavo verslo k\u016brim\u0105. Po mokym\u0173 ir konsultacij\u0173 tikimasi, kad \u0161ie asmenys asmenys gal\u0117t\u0173 imtis iniciatyvos kurti versl\u0105, taip didinant savo socialin\u0119 integracij\u0105 ir pagerinant pad\u0117t\u012f darbo rinkoje.\u00a0<span style=\"font-family: Poppins; font-size: 16px; font-style: normal; font-variant-ligatures: normal; font-variant-caps: normal; font-weight: 300; letter-spacing: 0.4px; background-color: var( --e-global-color-primary );\">\u00a0<\/span><\/div><div dir=\"auto\" style=\"font-variant-ligatures: normal; font-variant-caps: normal; font-family: Poppins; font-size: 16px; font-style: normal; font-weight: 300; letter-spacing: 0.4px;\">\u0160ie verslo pradmen\u0173 mokymai darbingiems ekonomi\u0161kai neaktyviems pradedantiems versl\u0105 asmenims sudarys prielaidas asmenin\u0117s motyvacijos stiprinimui imtis verslo k\u016brimo, lengviau suprasti apie verslo veikim\u0105 rinkoje, ugdyti asmeninius, socialinius ir profesinius geb\u0117jimus, mokintis vieni i\u0161 kit\u0173 patir\u010di\u0173 skatinti k\u016brybi\u0161kumo, savirai\u0161kos, sav\u0119s ir kit\u0173 pa\u017einimo ugdym\u0105.<\/div><p><span style=\"font-variant-ligatures: normal; font-variant-caps: normal; font-family: Poppins; font-size: 16px; font-style: normal; font-weight: 300; letter-spacing: 0.4px; background-color: var( --e-global-color-primary );\">Projekto trukm\u0117 &#8211; 12 m\u0117nesi\u0173.<\/span><\/p><\/div>\n\t\t\t\t<\/div>\n\t\t\t\t<\/div>\n\t\t\t\t\t\t<\/div>\n\t\t\t\t\t<\/div>\n\t\t<\/div>\n\t\t\t\t\t\t\t\t<\/div>\n\t\t\t\t\t<\/div>\n\t\t<\/section>\n\t\t\t\t<section class=\"elementor-section elementor-top-section elementor-element elementor-element-eac6e62 elementor-reverse-tablet elementor-reverse-mobile elementor-section-boxed elementor-section-height-default elementor-section-height-default elementor-invisible\" data-id=\"eac6e62\" data-element_type=\"section\" data-settings=\"{&quot;animation&quot;:&quot;fadeIn&quot;}\">\n\t\t\t\t\t\t<div class=\"elementor-container elementor-column-gap-default\">\n\t\t\t\t\t\t\t<div class=\"elementor-row\">\n\t\t\t\t\t<div class=\"elementor-column elementor-col-50 elementor-top-column elementor-element elementor-element-b56faba\" data-id=\"b56faba\" data-element_type=\"column\" data-settings=\"{&quot;background_background&quot;:&quot;classic&quot;}\">\n\t\t\t<div class=\"elementor-column-wrap elementor-element-populated\">\n\t\t\t\t\t\t\t<div class=\"elementor-widget-wrap\">\n\t\t\t\t\t\t<div class=\"elementor-element elementor-element-feb352d elementor-icon-list--layout-traditional elementor-list-item-link-full_width elementor-widget elementor-widget-icon-list\" data-id=\"feb352d\" data-element_type=\"widget\" data-widget_type=\"icon-list.default\">\n\t\t\t\t<div class=\"elementor-widget-container\">\n\t\t\t\t\t<ul class=\"elementor-icon-list-items\">\n\t\t\t\t\t\t\t<li class=\"elementor-icon-list-item\">\n\t\t\t\t\t\t\t\t\t\t\t<span class=\"elementor-icon-list-icon\">\n\t\t\t\t\t\t\t<i aria-hidden=\"true\" class=\"fas fa-check\"><\/i>\t\t\t\t\t\t<\/span>\n\t\t\t\t\t\t\t\t\t\t<span class=\"elementor-icon-list-text\"><div><span style=\"font-family: Poppins; font-size: 16px; font-style: normal; font-variant-ligatures: normal; font-variant-caps: normal; font-weight: 300; letter-spacing: 0.4px; white-space: normal; background-color: var( --e-global-color-primary );\">Projekto metu bus \u012fgyvendinamos \u0161ios veiklos:<\/span><br><\/div><div dir=\"auto\" style=\"font-variant-ligatures: normal; font-variant-caps: normal; font-family: Poppins; font-size: 16px; font-style: normal; font-weight: 300; letter-spacing: 0.4px; white-space: normal;\">Pravesti motyvaciniai mokymai darbingiems ekonomi\u0161kai neaktyviems pradedantiems versl\u0105 asmenims - kou\u010dingas \u201eAtrask save\u201c<span style=\"font-size: 16px; white-space: pre-wrap; letter-spacing: 0.4px; background-color: var( --e-global-color-primary );\"><\/span><\/div><\/span>\n\t\t\t\t\t\t\t\t\t<\/li>\n\t\t\t\t\t\t\t\t<li class=\"elementor-icon-list-item\">\n\t\t\t\t\t\t\t\t\t\t\t<span class=\"elementor-icon-list-icon\">\n\t\t\t\t\t\t\t<i aria-hidden=\"true\" class=\"fas fa-check\"><\/i>\t\t\t\t\t\t<\/span>\n\t\t\t\t\t\t\t\t\t\t<span class=\"elementor-icon-list-text\"><div dir=\"auto\" style=\"font-variant-ligatures: normal; font-variant-caps: normal; font-family: Poppins; font-size: 16px; font-style: normal; font-weight: 300; letter-spacing: 0.4px; white-space: normal;\">Parengta verslo pradmen\u0173 mokymo programa \u201eVerslo pradmenys TAU \u2013 \u012eVEIK! \u201c darbingiems ekonomi\u0161kai neaktyviems pradedantiems versl\u0105 asmenims.<span style=\"font-size: 16px; white-space: pre-wrap; letter-spacing: 0.4px; background-color: var( --e-global-color-primary );\"><\/span><\/div><\/span>\n\t\t\t\t\t\t\t\t\t<\/li>\n\t\t\t\t\t\t\t\t<li class=\"elementor-icon-list-item\">\n\t\t\t\t\t\t\t\t\t\t\t<span class=\"elementor-icon-list-icon\">\n\t\t\t\t\t\t\t<i aria-hidden=\"true\" class=\"fas fa-check\"><\/i>\t\t\t\t\t\t<\/span>\n\t\t\t\t\t\t\t\t\t\t<span class=\"elementor-icon-list-text\"><div dir=\"auto\" style=\"font-variant-ligatures: normal; font-variant-caps: normal; font-family: Poppins; font-size: 16px; font-style: normal; font-weight: 300; letter-spacing: 0.4px; white-space: normal;\">&nbsp;Suorganizuoti verslo pradmen\u0173 mokymo programos \u201eVerslo pradmenys TAU \u2013 \u012eVEIK!\u201c darbingiems ekonomi\u0161kai neaktyviems pradedantiems versl\u0105 asmenims mokymai.<span style=\"font-size: 16px; white-space: pre-wrap; letter-spacing: 0.4px; background-color: var( --e-global-color-primary );\"><\/span><\/div><\/span>\n\t\t\t\t\t\t\t\t\t<\/li>\n\t\t\t\t\t\t\t\t<li class=\"elementor-icon-list-item\">\n\t\t\t\t\t\t\t\t\t\t\t<span class=\"elementor-icon-list-icon\">\n\t\t\t\t\t\t\t<i aria-hidden=\"true\" class=\"fas fa-check\"><\/i>\t\t\t\t\t\t<\/span>\n\t\t\t\t\t\t\t\t\t\t<span class=\"elementor-icon-list-text\"><div dir=\"auto\" style=\"font-variant-ligatures: normal; font-variant-caps: normal; font-family: Poppins; font-size: 16px; font-style: normal; font-weight: 300; letter-spacing: 0.4px; white-space: normal;\">Suorganizuotas verslo geros patirties pavyzd\u017ei\u0173 renginys \u201eApie tai, kaip id\u0117jos virsta realybe ir, kaip sek\u0117si TAI padaryti?\u201c.<span style=\"background-color: var( --e-global-color-primary ); font-size: 16px; letter-spacing: 0.4px; white-space: pre-wrap;\"><\/span><\/div><div dir=\"auto\" style=\"font-variant-ligatures: normal; font-variant-caps: normal; font-family: Poppins; font-size: 16px; font-style: normal; font-weight: 300; letter-spacing: 0.4px; white-space: normal;\"><span style=\"font-size: 16px; white-space: pre-wrap; letter-spacing: 0.4px; background-color: var( --e-global-color-primary );\"><\/span><\/div><\/span>\n\t\t\t\t\t\t\t\t\t<\/li>\n\t\t\t\t\t\t<\/ul>\n\t\t\t\t<\/div>\n\t\t\t\t<\/div>\n\t\t\t\t\t\t<\/div>\n\t\t\t\t\t<\/div>\n\t\t<\/div>\n\t\t\t\t<div class=\"elementor-column elementor-col-50 elementor-top-column elementor-element elementor-element-d3a66f8\" data-id=\"d3a66f8\" data-element_type=\"column\" data-settings=\"{&quot;background_background&quot;:&quot;classic&quot;}\">\n\t\t\t<div class=\"elementor-column-wrap elementor-element-populated\">\n\t\t\t\t\t\t\t<div class=\"elementor-widget-wrap\">\n\t\t\t\t\t\t<div class=\"elementor-element elementor-element-50963f1 elementor-widget elementor-widget-image\" data-id=\"50963f1\" data-element_type=\"widget\" data-widget_type=\"image.default\">\n\t\t\t\t<div class=\"elementor-widget-container\">\n\t\t\t\t\t<div class=\"elementor-image\">\n\t\t\t\t\t\t\t\t\t\t<img loading=\"lazy\" decoding=\"async\" width=\"2000\" height=\"1335\" src=\"https:\/\/alkc.eu\/wp-content\/uploads\/2021\/03\/portrait-of-a-happy-creative-team-of-people-talking-in-the-office-at-the-meeting.jpg\" class=\"attachment-full size-full\" alt=\"\" srcset=\"https:\/\/alkc.eu\/wp-content\/uploads\/2021\/03\/portrait-of-a-happy-creative-team-of-people-talking-in-the-office-at-the-meeting.jpg 2000w, https:\/\/alkc.eu\/wp-content\/uploads\/2021\/03\/portrait-of-a-happy-creative-team-of-people-talking-in-the-office-at-the-meeting-300x200.jpg 300w, https:\/\/alkc.eu\/wp-content\/uploads\/2021\/03\/portrait-of-a-happy-creative-team-of-people-talking-in-the-office-at-the-meeting-1024x684.jpg 1024w, https:\/\/alkc.eu\/wp-content\/uploads\/2021\/03\/portrait-of-a-happy-creative-team-of-people-talking-in-the-office-at-the-meeting-768x513.jpg 768w, https:\/\/alkc.eu\/wp-content\/uploads\/2021\/03\/portrait-of-a-happy-creative-team-of-people-talking-in-the-office-at-the-meeting-1536x1025.jpg 1536w\" sizes=\"auto, (max-width: 2000px) 100vw, 2000px\" \/>\t\t\t\t\t\t\t\t\t\t\t<\/div>\n\t\t\t\t<\/div>\n\t\t\t\t<\/div>\n\t\t\t\t\t\t<\/div>\n\t\t\t\t\t<\/div>\n\t\t<\/div>\n\t\t\t\t\t\t\t\t<\/div>\n\t\t\t\t\t<\/div>\n\t\t<\/section>\n\t\t\t\t\t\t<\/div>\n\t\t\t\t\t\t<\/div>\n\t\t\t\t\t<\/div>\n\t\t","protected":false},"excerpt":{"rendered":"<p>Projektas Verslo pradmenys TAU \u2013 \u012eVEIK! Projekto &#8220;Mokym\u0173 ir konsultacij\u0173 \u012fgyvendinimas pradedantiems versl\u0105 darbingiems ekonomi\u0161kai neaktyviems asmenims: verslo pradmenys TAU \u2013 \u012eVEIK!&#8221; siekiama 22 ekonomi\u0161kai neaktyviems Panev\u0117\u017eio miesto gyventojams suteikti verslo pradmen\u0173 teorinius ir praktinius mokymus ir konsultacijas darbingiems ekonomi\u0161kai neaktyviems pradedantiems versl\u0105 Panev\u0117\u017eio miesto gyventojams, motyvuojant ir nukreipiant juos \u012f nuosavo verslo k\u016brim\u0105. Po [&hellip;]<\/p>\n","protected":false},"author":1,"featured_media":0,"parent":0,"menu_order":0,"comment_status":"closed","ping_status":"closed","template":"elementor_header_footer","meta":{"footnotes":""},"class_list":["post-65","page","type-page","status-publish","hentry","entry"],"_links":{"self":[{"href":"https:\/\/alkc.eu\/index.php\/wp-json\/wp\/v2\/pages\/65","targetHints":{"allow":["GET"]}}],"collection":[{"href":"https:\/\/alkc.eu\/index.php\/wp-json\/wp\/v2\/pages"}],"about":[{"href":"https:\/\/alkc.eu\/index.php\/wp-json\/wp\/v2\/types\/page"}],"author":[{"embeddable":true,"href":"https:\/\/alkc.eu\/index.php\/wp-json\/wp\/v2\/users\/1"}],"replies":[{"embeddable":true,"href":"https:\/\/alkc.eu\/index.php\/wp-json\/wp\/v2\/comments?post=65"}],"version-history":[{"count":31,"href":"https:\/\/alkc.eu\/index.php\/wp-json\/wp\/v2\/pages\/65\/revisions"}],"predecessor-version":[{"id":251,"href":"https:\/\/alkc.eu\/index.php\/wp-json\/wp\/v2\/pages\/65\/revisions\/251"}],"wp:attachment":[{"href":"https:\/\/alkc.eu\/index.php\/wp-json\/wp\/v2\/media?parent=65"}],"curies":[{"name":"wp","href":"https:\/\/api.w.org\/{rel}","templated":true}]}}